f 8268?
2, 3, 13, 53
List the prime factors of 16194.
2, 3, 2699
What are the prime factors of 15098?
2, 7549
List the prime factors of 1900.
2, 5, 19
List the prime factors of 14184.
2, 3, 197
List the prime factors of 62253.
3, 6917
What are the prime factors of 46070?
2, 5, 17, 271
What are the prime factors of 40146?
2, 3, 6691
What are the prime factors of 3573?
3, 397
What are the prime factors of 5472?
2, 3, 19
List the prime factors of 7093.
41, 173
List the prime factors of 5532.
2, 3, 461
What are the prime factors of 3679?
13, 283
What are the prime factors of 496?
2, 31
List the prime factors of 102972.
2, 3, 8581
List the prime factors of 1982.
2, 991
List the prime factors of 67938.
2, 3, 13, 67
List the prime factors of 10731.
3, 7, 73
What are the prime factors of 12231?
3, 151
List the prime factors of 579.
3, 193
What are the prime factors of 8773?
31, 283
What are the prime factors of 8076?
2, 3, 673
What are the prime factors of 2380?
2, 5, 7, 17
List the prime factors of 2839.
17, 167
What are the prime factors of 7669?
7669
What are the prime factors of 6739?
23, 293
What are the prime factors of 134648?
2, 16831
What are the prime factors of 16618?
2, 7, 1187
What are the prime factors of 47081?
23, 89
List the prime factors of 66473.
11, 6043
List the prime factors of 1131.
3, 13, 29
What are the prime factors of 1321?
1321
List the prime factors of 30232.
2, 3779
What are the prime factors of 11002?
2, 5501
List the prime factors of 27838.
2, 31, 449
List the prime factors of 41533.
41, 1013
List the prime factors of 2128.
2, 7, 19
What are the prime factors of 516?
2, 3, 43
List the prime factors of 357.
3, 7, 17
List the prime factors of 17680.
2, 5, 13, 17
What are the prime factors of 743?
743
List the prime factors of 20.
2, 5
List the prime factors of 8499.
3, 2833
List the prime factors of 1021.
1021
List the prime factors of 84791.
7, 12113
List the prime factors of 38331.
3, 4259
List the prime factors of 1024.
2
List the prime factors of 41077.
41077
What are the prime factors of 16096?
2, 503
What are the prime factors of 76447?
7, 67, 163
What are the prime factors of 750?
2, 3, 5
What are the prime factors of 855?
3, 5, 19
What are the prime factors of 10167?
3, 3389
What are the prime factors of 1078?
2, 7, 11
What are the prime factors of 21071?
19, 1109
What are the prime factors of 41552?
2, 7, 53
What are the prime factors of 16745?
5, 17, 197
What are the prime factors of 526?
2, 263
What are the prime factors of 117218?
2, 29, 43, 47
List the prime factors of 41.
41
What are the prime factors of 26897?
13, 2069
List the prime factors of 44144.
2, 31, 89
What are the prime factors of 8822?
2, 11, 401
List the prime factors of 5623.
5623
List the prime factors of 11719.
11719
What are the prime factors of 21115?
5, 41, 103
What are the prime factors of 16850?
2, 5, 337
List the prime factors of 3000.
2, 3, 5
What are the prime factors of 3608?
2, 11, 41
List the prime factors of 11102.
2, 7, 13, 61
What are the prime factors of 1659?
3, 7, 79
What are the prime factors of 50592?
2, 3, 17, 31
What are the prime factors of 134485?
5, 13, 2069
List the prime factors of 2381.
2381
What are the prime factors of 49729?
223
What are the prime factors of 23358?
2, 3, 17, 229
List the prime factors of 4078.
2, 2039
What are the prime factors of 482?
2, 241
What are the prime factors of 10220?
2, 5, 7, 73
What are the prime factors of 15329?
15329
What are the prime factors of 7834?
2, 3917
What are the prime factors of 723?
3, 241
What are the prime factors of 1001?
7, 11, 13
What are the prime factors of 79724?
2, 19, 1049
What are the prime factors of 378?
2, 3, 7
What are the prime factors of 92620?
2, 5, 11, 421
What are the prime factors of 2922?
2, 3, 487
What are the prime factors of 44758?
2, 7, 23, 139
List the prime factors of 3622.
2, 1811
What are the prime factors of 4559?
47, 97
List the prime factors of 5657.
5657
What are the prime factors of 386?
2, 193
List the prime factors of 8251.
37, 223
List the prime factors of 429.
3, 11, 13
List the prime factors of 3106.
2, 1553
What are the prime factors of 860?
2, 5, 43
What are the prime factors of 3080?
2, 5, 7, 11
What are the prime factors of 6234?
2, 3, 1039
What are the prime factors of 827?
827
List the prime factors of 3135.
3, 5, 11, 19
List the prime factors of 4890.
2, 3, 5, 163
List the prime factors of 1806.
2, 3, 7, 43
What are the prime factors of 68267?
19, 3593
List the prime factors of 10795.
5, 17, 127
What are the prime factors of 1164?
2, 3, 97
What are the prime factors of 69082?
2, 13, 2657
List the prime factors of 810.
2, 3, 5
What are the prime factors of 33419?
23, 1453
What are the prime factors of 108027?
3, 4001
List the prime factors of 8335.
5, 1667
What are the prime factors of 829?
829
List the prime factors of 1621.
1621
What are the prime factors of 52969?
7, 23, 47
List the prime factors of 654.
2, 3, 109
List the prime factors of 270.
2, 3, 5
What are the prime factors of 5715?
3, 5, 127
List the prime factors of 646.
2, 17, 19
List the prime factors of 53010.
2, 3, 5, 19, 31
What are the prime factors of 705?
3, 5, 47
What are the prime factors of 69142?
2, 181, 191
List the prime factors of 23339.
23339
What are the prime factors of 4907?
7, 701
List the prime factors of 1740.
2, 3, 5, 29
List the prime factors of 3514.
2, 7, 251
What are the prime factors of 189?
3, 7
What are the prime factors of 14559?
3, 23, 211
What are the prime factors of 31212?
2, 3, 17
List the prime factors of 27933.
3, 9311
What are the prime factors of 2545?
5, 509
List the prime factors of 412.
2, 103
List the prime factors of 9813.
3, 3271
What are the prime factors of 48603?
3, 17, 953
List the prime factors of 4713.
3, 1571
List the prime factors of 126532.
2, 7, 4519
List the prime factors of 29244.
2, 3, 2437
What are the prime factors of 137?
137
List the prime factors of 26281.
41, 641
What are the prime factors of 1541?
23, 67
List the prime factors of 10424.
2, 1303
What are the prime factors of 672?
2, 3, 7
What are the prime factors of 65?
5, 13
What are the prime factors of 4317?
3, 1439
List the prime factors of 736.
2, 23
What are the prime factors of 2098?
2, 1049
What are the prime factors of 1305?
3, 5, 29
What are the prime factors of 21586?
2, 43, 251
List the prime factors of 14254.
2, 7127
What are the prime factors of 16211?
13, 29, 43
List the prime factors of 22701.
3, 7, 23, 47
List the prime factors of 4920.
2, 3, 5, 41
List the prime factors of 18650.
2, 5, 373
List the prime factors of 88991.
7, 12713
List the prime factors of 2944.
2, 23
List the prime factors of 1366.
2, 683
List the prime factors of 2749.
2749
List the prime factors of 18032.
2, 7, 23
What are the prime factors of 157?
157
What are the prime factors of 161967?
3, 13, 4153
List the prime factors of 420.
2, 3, 5, 7
List the prime factors of 1080.
2, 3, 5
List the prime factors of 43287.
3, 47, 307
List the prime factors of 8060.
2, 5, 13, 31
List the prime factors of 1108.
2, 277
What are the prime factors of 11462?
2, 11, 521
What are the prime factors of 517?
11, 47
What are the prime factors of 21988?
2, 23, 239
List the prime factors of 4874.
2, 2437
List the prime factors of 315.
3, 5, 7
List the prime factors of 1322.
2, 661
What are the prime factors of 15748?
2, 31, 127
What are the prime factors of 3620?
2, 5, 181
List the prime factors of 1876.
2, 7, 67
List the prime factors of 11072.
2, 173
List the prime factors of 985.
5, 197
What are the prime factors of 15861?
3, 17, 311
What are the prime factors of 33276?
2, 3, 47, 59
What are the prime factors of 2444?
2, 13, 47
List the prime factors of 142663.
179, 797
What are the prime factors of 9302?
2, 4651
What are the prime factors of 9134?
2, 4567
What are the prime factors of 11250?
2, 3, 5
List the prime factors of 50.
2, 5
List the prime factors of 4209.
3, 23, 61
List the prime factors of 28078.
2, 101, 139
List the prime factors of 1936.
2, 11
List the prime factors of 16994.
2, 29, 293
List the prime factors of 1107.
3, 41
What are the prime factors of 170?
2, 5, 17
List the prime factors of 591.
3, 197
What are the prime factors of 837?
3, 31
List the prime fac